s digit of d?
1
Let f = -183 + 555. What is the units digit of f?
2
Suppose -5*u - 3*o + 10 = 0, 5*o + 30 = 4*u + 3*o. Suppose -4*l = -u*t + 127, 4*l = 2*t - 0*l - 46. What is the units digit of t?
7
Let t(g) = 2*g**3 + 19*g**2 - 2*g - 15. What is the units digit of t(-9)?
4
Suppose 3*m = -4*h + 1177, 30*m - 2*h = 27*m + 1189. What is the hundreds digit of m?
3
Suppose 10*z + 5344 = 14*z. What is the thousands digit of z?
1
Suppose -3*c + 135 = -81. Suppose -45 = -g + 2*d, -2*g + c = -5*d - 16. What is the tens digit of g?
4
Suppose 5*m - 2*k = 39, 3*m - 2 = -5*k + 40. What is the tens digit of (3 + 0)*402/m?
3
Let b be 4*(9/6)/3. Let m = b - -12. Suppose 11*s = m*s - 126. What is the tens digit of s?
4
Let h(o) = 6*o. Let f be (0/1)/(1 + -3). Suppose -2*p - y = -7, y - 9 = -f*p - 3*p. What is the units digit of h(p)?
2
Let y(s) be the first derivative of 30*s + 32*s - 3 + s**2 - 26*s + 1. What is the tens digit of y(16)?
6
Let s be (-2)/12 + (-248)/(-48). Suppose -s*c + 372 + 223 = 0. What is the units digit of c?
9
Let t be 12/(-78) + (-56)/(-26). Let x be (1 + 0)/(t/10). Suppose -2*y - 17 = -3*f + 9, -5*y - x = 0. What is the units digit of f?
8
Let c(z) = -2*z + 8. Let a be c(3). Suppose -4*d = -a*d - 4, -4*b + 3*d + 62 = 0. What is the tens digit of b?
1
Suppose 0 = -32*c + 13343 + 36161. What is the units digit of c?
7
Suppose -5*w + 3*w - 4 = -5*u, 5*w + 2*u = -10. What is the hundreds digit of 138 - ((-32)/w)/4?
1
Suppose -10*t + 18 = -2. Suppose -5*a - t*w + 251 = 0, 348 = 5*a + 5*w + 88. What is the units digit of a?
9
Let y be 4/(4*(-2)/(-4)). Let a(v) = v**3 - 4*v**2 + v - 27. Let d be a(5). Suppose -d*w = y*w - 230. What is the units digit of w?
6
Let x(h) = -h**3 + 8*h**2 - h + 8. Let f be x(8). Suppose -4*v = 3*z - 115 - 45, -3*v + 3 = f. What is the tens digit of z?
5
Let c = 2860 + -30. What is the units digit of c?
0
Suppose 4*w + 4*v - 16040 = 0, -v = -3*w + 10239 + 1787. What is the thousands digit of w?
4
Let a(w) = 22*w**2 - 9*w - 21. What is the units digit of a(-6)?
5
Let y be (-14)/(-8) + 3/12. Suppose -2*s + 8 = y*s. Suppose c = -3*c - s*z + 110, 0 = 2*z + 2. What is the units digit of c?
8
Let v = -32 - -144. Suppose -3*n + 459 = 3*d, -2*n - 5*d = -179 - v. What is the tens digit of n?
5
Suppose 12235 = 3*g + j, 2*g - 3*j - 8271 = -129. What is the tens digit of g?
7
Let d = 5129 + -2600. What is the tens digit of d?
2
Let j = 475 - 122. What is the tens digit of j?
5
Let u(d) = -10*d**3 + 9*d**2 + 12*d - 3. What is the tens digit of u(-4)?
3
Let u(q) = -4*q**3 + 3*q**2 - 4*q - 6. Let w(r) = r**3 - r**2 + r + 1. Let m(x) = -u(x) - 2*w(x). Let b be m(-2). Let g = b - -72. What is the tens digit of g?
5
Suppose -5*z + z + 20 = 0. Suppose z*w + 3*t = -42, 0*w - 3*w = 5*t + 22. Let b = -8 - w. What is the units digit of b?
1
What is the tens digit of (2 + 0)*(465/10 + -4)?
8
Suppose -3*d - d + 636 = 0. Suppose d = 4*w + 31. What is the tens digit of w?
3
Let t = 87 + -100. Let p(h) be the first derivative of -h**2 - 16*h - 1. What is the units digit of p(t)?
0
Suppose -4*i + 0*i = -5*d + 56, 0 = d + 2*i - 14. Let j(s) = 2*s**2 + 7*s - 8. Let a be j(-6). Let h = a + d. What is the units digit of h?
4
Let q = 18 + -54. Let z be (-56)/(-10) - q/(-60). Suppose 49 = -z*h + 149. What is the units digit of h?
0
Suppose 0 = w - 3, 3*b + 4*w - 438 = 405. What is the hundreds digit of b?
2
Suppose -35*q = -16836 - 13859. What is the tens digit of q?
7
Let m(r) = -5*r**3 + 10*r**2 + 20*r + 12. What is the tens digit of m(-7)?
7
Let l = 25 + -22. Suppose 342 = l*z + 93. What is the tens digit of z?
8
Suppose 2*w + 3*c - 51 = -0*c, 20 = -4*c. Suppose -10 = -7*s + 2*s. Suppose -s*t + w = t. What is the units digit of t?
1
Let c = 566 - 352. Suppose 4*a = 6*a - c. What is the hundreds digit of a?
1
What is the units digit of 7308/18 + -1*(1 + -5)?
0
Suppose 5*k + 31 - 1 = -5*i, 2*k = -3*i - 20. Let l = i + 2. What is the units digit of 30*l*3/(-15)?
6
Let k(v) = 2*v - 17. Let b be k(11). Suppose 74 - 479 = -b*s. What is the units digit of s?
1
Suppose 5*x = 2*h + 3*h - 285, 0 = 2*x - 2. Let f = 177 - h. What is the units digit of f?
9
Suppose 3*j - 30 = 2*j. Suppose j = 4*i - 4*f - 30, 2*f - 12 = -i. Suppose -2*v + 37 - 14 = 3*d, -2*v + i = 2*d. What is the units digit of d?
9
Let a = 6 + -12. Let t be 16/(-24) + (-28)/a. Suppose t*o - 26 = -g, -3*g + 5*o - 2 + 12 = 0. What is the tens digit of g?
1
Suppose -a = 6*a - 3318. What is the units digit of a?
4
Let l be ((-36)/21)/(4*4/(-56)). Suppose 0 = l*z - 23 - 85. What is the units digit of z?
8
Let l(y) = 2*y - 11. Let d(a) = 5*a - 32. Let c(o) = -4*d(o) + 11*l(o). Let s be c(7). Let k = s - -4. What is the tens digit of k?
2
Suppose -2*c - 15187 = -3*o, -2*o - 420 + 10513 = 5*c. What is the hundreds digit of o?
0
What is the units digit of (-2)/(-7) + 13908/28?
7
Let u = -470 - -664. What is the tens digit of u?
9
Let f = 22 + -17. Let p(m) = m**2 - 8*m + 1. Let q be p(f). Let b = q + 18. What is the units digit of b?
4
Suppose -3*z + 1909 = 5*x, -17*z - 2568 = -21*z - x. What is the tens digit of z?
4
Suppose 4*i = f - 312, -4*f - i - 3*i + 1348 = 0. Suppose -u = 2*l - 3*u + f, 0 = 2*u + 2. Let d = l - -235. What is the units digit of d?
8
Suppose 5*q = q - 8. What is the tens digit of 4 - (q + (-66 - 0))?
7
Let l be (67 + 0)*(-4)/4. Let u be 1/(66/l + 1). Suppose 3*f - 4*t = u + 6, 3*f - 68 = -t. What is the units digit of f?
3
Let f be 4/(-6)*(-9)/6. Let u be -1 + -1 + 7 - f. Suppose -u*w = -34 + 10. What is the units digit of w?
6
Suppose 23*x = -164 + 5040. What is the hundreds digit of x?
2
Let a(g) = g + 88. Let q be a(0). Let m = 89 - q. What is the units digit of m?
1
Suppose 2*k = 4*x - 8816, -5*k + 989 = -5*x + 12014. What is the thousands digit of x?
2
Suppose -21*v = -64*v + 57362. What is the hundreds digit of v?
3
Let n = -23 - -28. Let h = 9 - n. Suppose -120 = h*v - 12*v. What is the units digit of v?
5
Let x = 561 - 163. What is the hundreds digit of x?
3
Suppose -3*a + 4*l = -13, -5*a + 0*l = -4*l - 19. What is the units digit of (2/a)/(26/858)?
2
Let r be 14 + -7 - (1 - 0). Let v be r - -1*(-1 - 0). Suppose 3 = -v*m + 13. What is the units digit of m?
2
Let x = 3412 - 1671. What is the hundreds digit of x?
7
Suppose 4*u - 4*t = 12, -u - 2*t - 6 = 3*u. Suppose -5*n - 5*z + u*z + 10 = 0, n = -4*z + 2. Suppose -3*j + n*j + 23 = 0. What is the tens digit of j?
2
Let q = -65 - -312. What is the tens digit of q?
4
Let o = -6 - -9. Suppose -o - 5 = 4*i. What is the units digit of (3 - i)*(1 + 1)?
0
Suppose -4*f = -2*f - 4. Suppose -4*u = u - 10, -f*u + 39 = g. What is the units digit of g?
5
Suppose -4*t + 7668 = 4*f, 2*f - 4253 = 5*t - 454. What is the thousands digit of f?
1
Let n be 12/(-10) - (-494)/95. Let t(r) = -r**3 - 6*r**2 - 5*r + 1. Let v be t(-5). Suppose 0 = y + 4*s - 6, -5*s = -n - v. What is the units digit of y?
2
Let d(j) = 4*j + 824. What is the tens digit of d(0)?
2
Let f(g) = -g**3 - 20*g**2 + 48*g - 22. What is the hundreds digit of f(-23)?
4
Let l(t) = 2*t**2 + t - 2. Let w be l(-2). Suppose 0*u - w*u = -f + 19, -14 = 2*f + 5*u. Suppose 2*x - 43 = f. What is the tens digit of x?
2
What is the units digit of ((-3452)/(-18))/((-121)/(-1089))?
6
What is the tens digit of 14/(-77) + 2322/66?
3
Let c = -14 - -19. Suppose -c = -z - 2. Suppose n - 41 = -2*g, n - 2*n + 42 = z*g. What is the units digit of n?
9
Let u(o) be the third derivative of o**5/6 - o**4/6 + o**3/3 - 3*o**2. Let j be u(3). Suppose 5*k - 65 = 5*b + 55, 5*b + j = 3*k. What is the tens digit of k?
2
Let d be (-10)/(-4)*(14 - -94). Let m = d + -155. What is the units digit of m?
5
Let x = 372 + -133. What is the hundreds digit of x?
2
Suppose -3*r = 2*j - 4955 + 1626, -2*j = 5*r - 5543. What is the units digit of r?
7
Suppose 0 = -5*y - 35 - 30. Let i(n) = -n**2 - 13*n + 2. Let r be i(y). What is the tens digit of (-344)/(-20)*5/r?
4
Let u be (-5)/(-40) + 62/16. Let i = -9 + 11. Suppose 4*j = -2*d + 32, i*j - u*j = -3*d + 64. What is the tens digit of d?
2
Let s(g) = 4*g**3 + 9*g**2 + 5*g + 14. Let r(l) = l**3 + l**2 + l. Let o(f) = 5*r(f) - s(f). What is the tens digit of o(6)?
5
Suppose -7*d + 4*d = -9. Suppose 0*g + 8 = -v + 2*g, -d*g + 7 = -4*v. Suppose -5*l - v*h = -378, 0 = -4*l